= -3*w + 5*a + 1565, 12*w + 3*a - 2106 = 8*w. Calculate the greatest common factor of 1680 and w.
105
Let p = 9698 + -8818. What is the highest common divisor of 605 and p?
55
Suppose 7 = 4*s + 131. Let w be (-116)/(-2) - ((-2)/(-1) + 3). Let o = s + w. Calculate the highest common factor of 2 and o.
2
Let y(h) = 7*h - 36. Let u be y(23). Calculate the highest common divisor of 50 and u.
25
Suppose 5*m + j = 18159, -m + 2*j + 436 = -3176. Calculate the greatest common divisor of 1430 and m.
110
Let q be (-90)/(13 - 7)*4/10. Let z be 41 - (8 - q/(-2)). What is the greatest common factor of 18 and z?
18
Let n(s) = -4*s - 2. Suppose 4*f + 5 = 3*f. Let c be n(f). Let h = -11132 + 11134. What is the greatest common divisor of h and c?
2
Suppose 32*c = 8*c - 504. Let q be 346 - 7/c*-3. Calculate the greatest common factor of 15 and q.
15
Let m be ((-45)/75 + (-148)/(-5))*(7 + 12). Calculate the greatest common factor of m and 696.
29
Let i(s) = 10*s - 101. Let z(y) = 19*y - 200. Let n(m) = 5*i(m) - 2*z(m). Let l be n(18). What is the highest common factor of l and 74?
37
Let x(d) = -380*d - 6624. Let k be x(-18). Calculate the greatest common factor of k and 3324.
12
Let y = 12890 + -12882. What is the highest common factor of 9032 and y?
8
Suppose -17*j + 14*j + 2016 = 0. Let a = j - 660. Calculate the greatest common divisor of a and 32.
4
Let v(a) = a**3 + 13*a**2 - 115*a + 11. Let u be v(6). Calculate the highest common divisor of 22 and u.
1
Let c = -44003 - -44049. Let h be ((-2)/(-3))/(2/1104). What is the greatest common divisor of h and c?
46
Let g be ((-264)/(-36) + -4)*84/10. Let t(z) = z**3 + 2*z - 1. Let u be t(1). Calculate the greatest common divisor of g and u.
2
Suppose 3*y + 20 + 52 = 3*q, -2*y = q - 33. Let s be ((-138)/14 + -3)/(13/(-91)). What is the greatest common factor of s and q?
9
Let x(m) be the first derivative of 3*m**2/2 + m + 3. Let r be x(0). Suppose 11*b = 21 + r. What is the highest common divisor of 18 and b?
2
Let r be -40*62/(-8) + -20. Calculate the highest common factor of r and 899.
29
Let o(h) = -h**3 + 11*h**2 - 4. Let x be o(11). Let g be 2/(-1)*(2 - x/8). Let w be 2/g + 2008/20. Calculate the highest common factor of w and 10.
10
Let o be 7*(35/14 - 9/2). Let c(n) = 2*n + 343. Let t be c(o). Calculate the highest common factor of 35 and t.
35
Suppose 4*p + 8*h - 112 = 0, -26 = -5*p + 3*h + 36. What is the highest common factor of p and 536?
8
Suppose -64*x = -65*x + 5. Suppose j - 3 = x*i - 16, -5 = -i + j. Calculate the highest common factor of i and 4.
2
Let i(k) = -k**3 - 41*k**2 - 315*k - 103. Let u be i(-31). Suppose 4*s - 146 = 5*y + 171, 4*s - y = 313. Calculate the highest common factor of s and u.
26
Suppose 15 = -5*t, 0 = -2*x - x - 3*t + 159. Suppose 0 = x*n - 63*n + 315. What is the greatest common factor of 10 and n?
5
Let x = 70 - 57. Suppose x*d = 10*d + 108. Calculate the highest common divisor of 24 and d.
12
Suppose 0 = -2*r + 10, 0 = -0*c + c + 5*r - 92. Suppose -6*i - 35 = 79. Let n = c + i. What is the greatest common divisor of 12 and n?
12
Suppose 9 = -0*m - 4*m + 5*c, 0 = m + 2*c - 14. Suppose d + 8 = m*q + 37, 3*q - 237 = -5*d. What is the highest common factor of d and 15?
15
Let t(x) = -211*x + 7873. Let q be t(37). Suppose 0 = l - 349 - 245. What is the highest common factor of q and l?
66
Suppose -a = -5*d - 158 - 185, -2*a - 3*d = -621. Let b = a + -183. What is the greatest common divisor of b and 75?
15
Let b = 10343 + 4191. Calculate the greatest common factor of b and 258.
86
Suppose -3*b = -305 + 59. Let d = b - 59. Let f = 24 - d. Calculate the greatest common factor of f and 5.
1
Let p(v) = -v**3 - 17*v**2 + 17*v - 18. Let n be p(-18). Suppose -4*c - 2*j + 34 = n, 4*j = -3*c + 8*c - 23. What is the highest common divisor of c and 133?
7
Let c(j) = 40*j - 1827. Let g be c(46). What is the highest common factor of 23 and g?
1
Suppose -43 = -3*m - 25. Suppose m*f + 5*t = f + 1945, -3*f + 1175 = -t. What is the greatest common divisor of f and 17?
17
Let h(o) = -o**2 - 6*o. Let f be h(-2). Suppose 6*p = 9*p - 45. Let s = 41 + p. Calculate the greatest common divisor of f and s.
8
Let a be (15 - 0)/(195/78). Suppose 34 - 24 = 5*z. What is the highest common factor of a and z?
2
Suppose -13*h + 8*h + 682 = 17*h. What is the highest common divisor of h and 5363?
31
Let t be (12 - 6) + 70/(-30)*-3. Calculate the highest common factor of t and 39.
13
Suppose 2*f - 334 = -74. Let w = 19 - 9. Let z(j) = j. Let p be z(w). What is the greatest common divisor of p and f?
10
Suppose 2*f - 14*y = -10*y + 14, 13 = 4*f - 3*y. Let m be (12 - 9) + 15/f. What is the highest common factor of m and 81?
9
Suppose -5*l - 34 = -o, -40 = -2*o + 2*l + l. What is the greatest common divisor of 28 and o?
14
Let k = 57042 + -36868. Calculate the highest common divisor of 22 and k.
22
Let c be ((-62)/(-14) - 3)/(591/147 + -4). What is the greatest common factor of 5285 and c?
35
Suppose 2*o = -429 + 465. Suppose -2*d + y = -2 - o, -4*d = 5*y - 68. What is the greatest common divisor of 1164 and d?
12
Suppose -714 = -5*g - 4*m, 3*g = -0*g - m + 441. Calculate the greatest common divisor of g and 12900.
150
Let a(u) = -143*u - 804. Let z be a(-6). Calculate the highest common factor of z and 1206.
18
Suppose -204909 + 1393517 = 134*k - 499792. Calculate the greatest common divisor of k and 189.
63
Let t = 228 - 229. Let g = 39 - t. What is the highest common factor of 12 and g?
4
Suppose 66*p - 648 = 39*p. Calculate the highest common divisor of p and 664.
8
Let q = -102 + 108. Suppose -q*f + 1307 = -151. Calculate the highest common factor of 27 and f.
27
Suppose 0 = -19*u + 172 + 455. What is the greatest common factor of u and 4301?
11
Let r(w) = w + 4. Let h be r(6). Let z be h + (1 - 1)/1. Let j(p) = 40*p + 1010. Let m be j(-24). Calculate the greatest common factor of m and z.
10
Let f(o) = 18*o**3 + 3*o**2 - o + 1. Let m = 235 + -233. Let w be f(m). What is the highest common factor of 93 and w?
31
Suppose 0 = -3*q - 4*a + 3 + 66, -4*q - 3*a = -85. Let g = 41 - q. What is the highest common divisor of g and 121?
11
Let i = 17369 + -12089. Calculate the highest common factor of 11 and i.
11
Let n = 106 - 55. Suppose x - b - 48 = b, x - n = -b. Let d(i) = -558*i - 22853. Let m be d(-41). Calculate the highest common divisor of m and x.
25
Let h be 3/4 + (-465)/(-4). Suppose -h*g + 103*g + 1470 = 0. What is the highest common divisor of 35 and g?
35
Suppose -5*f = -30, -2*a + f + 1507 = 53. Calculate the greatest common factor of 110 and a.
10
Let r = 972 - -767. Calculate the highest common factor of 188 and r.
47
Let p = -573 - -731. Suppose 0 = 4*b - 2*a - 662, 5*a - 7*a - p = -b. Let t be 321/15 - (-2)/(-5). What is the greatest common factor of b and t?
21
Let c be (-1 + 2)*(41 + 0). Let v be -78 + 67 - 272*-2. What is the highest common divisor of v and c?
41
Let l(j) = -6*j - 16. Let c be l(-4). Suppose 0 = 4*k + 4 - c. What is the greatest common divisor of 11 and k?
1
Let i(s) = 11*s**3 - 7*s**2 - 4. Let d be i(5). What is the greatest common factor of d and 828?
92
Suppose 3*v = 6*v - 120. Let x be v/(-6)*9/(-3). Let h = -90 - -230. What is the highest common divisor of h and x?
20
Suppose 7*m - 522 = 6*m. Suppose q - m = -462. Let t be (-564)/(-14) + (-2)/7. Calculate the highest common divisor of q and t.
20
Suppose 5*q = g + 2709 - 675, 4*g = -q + 390. What is the greatest common divisor of 928 and q?
58
Suppose r + 4*p - 885 = 0, 2*r + 4*p - 807 - 947 = 0. Calculate the greatest common factor of r and 11.
11
Let y(l) = l**3 - l**2 + 44*l - 744. Let f be y(9). What is the greatest common divisor of 580 and f?
20
Let t = 2125 - 1550. What is the highest common factor of t and 225?
25
Let h be (10/(-8))/((-12)/48). Let y = -138 + 193. Calculate the greatest common divisor of y and h.
5
Let s be 5/15 - ((-255)/(-180))/((-2)/11504). Calculate the highest common divisor of s and 2529.
281
Suppose 6 + 8 = 2*c + 3*u, 3*u = 6. Suppose 0*m - 20 = c*m, 0 = -4*d + 4*m + 356. Suppose -7*p + 60 = -2*p. What is the greatest common divisor of d and p?
12
Suppose -4*k + 0*i + 16 = -2*i, k = -5*i - 18. Suppose 3*o = 4*z + 57, -11 = o - z - 31. Calculate the greatest common divisor of o and k.
1
Su